{"id":987703,"date":"2022-10-28T16:27:47","date_gmt":"2022-10-28T13:27:47","guid":{"rendered":"https:\/\/primatech.ro\/?page_id=987703"},"modified":"2022-11-07T13:36:01","modified_gmt":"2022-11-07T11:36:01","slug":"viziune","status":"publish","type":"page","link":"https:\/\/primatech.ro\/?page_id=987703","title":{"rendered":"Viziune"},"content":{"rendered":"<div class=\"vgblk-rw-wrapper limit-wrapper\">\n<img decoding=\"async\" loading=\"lazy\" src=\"https:\/\/primatech.ro\/wp-content\/uploads\/2022\/10\/siguranta-o.png\" alt=\"siguranta-o\" itemprop=\"image\" height=\"500\" width=\"500\" title=\"siguranta-o\" onerror=\"this.style.display='none'\" sizes=\"(max-width: 768px) 100vw, 100vw\" srcset=\"https:\/\/primatech.ro\/wp-content\/uploads\/2022\/10\/siguranta-o.png 500w, https:\/\/primatech.ro\/wp-content\/uploads\/2022\/10\/siguranta-o-300x300.png 300w, https:\/\/primatech.ro\/wp-content\/uploads\/2022\/10\/siguranta-o-150x150.png 150w, https:\/\/primatech.ro\/wp-content\/uploads\/2022\/10\/siguranta-o-420x420.png 420w, https:\/\/primatech.ro\/wp-content\/uploads\/2022\/10\/siguranta-o-315x315.png 315w, https:\/\/primatech.ro\/wp-content\/uploads\/2022\/10\/siguranta-o-100x100.png 100w\">\t\t\t\t\t\t\t\n<h2>\n\t\tSiguran\u021b\u0103\n\t<\/h2>\n\t<p>\u00cen centrul business-ului nostru se afl\u0103 siguran\u021ba clien\u021bilor.<\/p>\n<p>Utiliz\u0103m cele mai stricte standarde de testare \u0219i supliment\u0103m normele de siguran\u021b\u0103 impuse produselor noastre, lu\u00e2nd \u00een considerare \u0219i al\u021bi factori din sectorul de siguran\u021b\u0103 la gaz.<\/p>\n<p>Asigur\u0103m o protec\u021bie real\u0103, folosind:<\/p>\n<ul>\n<li><strong>SENZORII<\/strong> utiliza\u021bi \u00een detectoarele Primatech, din gama de top a liderilor globali ai industriei;<\/li>\n<li><strong>CALIBRAREA DIGITAL\u0102<\/strong> printr-o tehnologie inovatoare proprie. Fiecare senzor \u00een parte \u00ee\u0219i seteaz\u0103 pragul de alarmare la concentra\u021bii prestabilite de gaz;<\/li>\n<li><strong>ASAMBLAREA<\/strong> \u0219i <strong>TESTAREA<\/strong> dup\u0103 standarde atestate de certific\u0103ri date de organisme interna\u021bionale independente;<\/li>\n<li><strong>AMBALAREA<\/strong> \u00een condi\u021bii bine controlate \u0219i folosind materiale care s\u0103 nu afecteze performan\u021bele detectoarelor pe timpul depozit\u0103rii;<\/li>\n<li><strong>INSTALAREA<\/strong> respect\u00e2nd \u00eentocmai instruc\u021biunile \u0219i recomand\u0103rile date de fabricant, folosind o re\u021bea de instalatori autoriza\u021bi cu care comunic\u0103m \u00een permanen\u021b\u0103;<\/li>\n<li><strong>UTILIZAREA<\/strong> casnic\u0103 \u00een bune condi\u021bii, oferind informa\u021bii \u0219i suport tehnic.<\/li>\n<\/ul>\n<p>Pentru c\u0103 ne-am dorit s\u0103 fim cu un pas \u00eenaintea cerin\u021belor clien\u021bilor \u0219i s\u0103 avem un schimb de experien\u021b\u0103, practic\u0103 \u0219i \u00een continu\u0103 dezvoltare, am decis s\u0103 ne asociem cu cei mai buni juc\u0103tori ai industriei noastre la nivel global. Este extrem de important pentru noi s\u0103 fim aproape de al\u021bi produc\u0103tori \u0219i exper\u021bi care se concentreaz\u0103 pe cele mai importante teme de pe agenda de discu\u021bii a industriei de detec\u021bie \u0219i siguran\u021b\u0103. De aceea am ales sa fim membri CoGDEM \u0219i am certificat toate produsele din gama PREVENT cu logo-ul Kitemark. Afla\u021bi mai multe despre certific\u0103ri \u0219i parteneriate Primatech pe pagina dedicat\u0103.<\/p>\n\t\t\t\t\t\t\t<img decoding=\"async\" loading=\"lazy\" src=\"https:\/\/primatech.ro\/wp-content\/uploads\/2022\/10\/eco-o.png\" alt=\"eco-o\" itemprop=\"image\" height=\"500\" width=\"500\" title=\"eco-o\" onerror=\"this.style.display='none'\" sizes=\"(max-width: 768px) 100vw, 100vw\" srcset=\"https:\/\/primatech.ro\/wp-content\/uploads\/2022\/10\/eco-o.png 500w, https:\/\/primatech.ro\/wp-content\/uploads\/2022\/10\/eco-o-300x300.png 300w, https:\/\/primatech.ro\/wp-content\/uploads\/2022\/10\/eco-o-150x150.png 150w, https:\/\/primatech.ro\/wp-content\/uploads\/2022\/10\/eco-o-420x420.png 420w, https:\/\/primatech.ro\/wp-content\/uploads\/2022\/10\/eco-o-315x315.png 315w, https:\/\/primatech.ro\/wp-content\/uploads\/2022\/10\/eco-o-100x100.png 100w\">\t\t\t\t\t\t\t\n<h2>\n\t\tSustenabilitate\n\t<\/h2>\n\t<p>Primatech se situeaz\u0103 \u00een primele 3% companii sustenabile la nivel global, \u00een industria \u00een care opereaz\u0103, conform evalu\u0103rilor institu\u021biei EcoVadis, ob\u021bin\u00e2nd astfel Medalia de Aur pentru realiz\u0103ri \u00een ceea ce prive\u0219te Responsabilitatea Social\u0103 Corporativ\u0103 (CSR).<\/p>\n<p><strong>IMPLICARE \u00ceN COMUNITATEA LOCAL\u0102<\/strong> &#8211; fiecare detector este produs, asamblat, testat \u0219i ambalat \u00een Baia Mare Rom\u00e2nia, iar procesul de transport al componentelor &#8211; cheie este unul atent optimizat.<\/p>\n<p><strong>TRASABILITATE<\/strong> &#8211; fiecare detector produs de Primatech are o serie unic\u0103 ce \u00eei permite s\u0103 fie identificat ani dup\u0103 momentul produc\u021biei, ceea ce faciliteaz\u0103 serviciile de postgaran\u021bie, minimizarea continu\u0103 a erorilor \u0219i colectarea de date pentru \u00eembun\u0103t\u0103\u021birea calit\u0103\u021bii produc\u021biei. Aceast\u0103 grij\u0103 pentru ciclul de via\u021b\u0103 al produsului constituie o component\u0103 important\u0103 a responsabilit\u0103\u021bii noastre fa\u021b\u0103 de clien\u021bi \u0219i mediul \u00eenconjur\u0103tor.<\/p>\n<p><strong>FIABILITATE<\/strong> &#8211; dedicarea noastr\u0103 c\u0103tre calitate \u0219i o via\u021b\u0103 lung\u0103 a produselor asigur\u0103 un impact minim asupra mediului prin minimizarea de\u0219eurilor generate.<\/p>\n<p><strong>MATERIALE PRIETENOASE CU MEDIUL<\/strong> &#8211; ambalajele folosite sunt prietenoase cu mediul, c\u0103ut\u0103m s\u0103 folosim materiale reciclate sau reciclabile.<\/p>\n<p><strong>COLECT\u0102M SELECTIV<\/strong> &#8211; reutiliz\u0103m ambalaje, recicl\u0103m de\u0219euri, monitoriz\u0103m \u0219i m\u0103sur\u0103m consumurile de resurse. Utiliz\u0103m sustenabil resursele necesare produc\u021biei \u0219i cercet\u0103rii.<\/p>\n<p><strong>ACHIZI\u021aII SUSTENABILE<\/strong> &#8211; analiz\u0103m \u0219i select\u0103m furnizorii cu scopul asigur\u0103rii calit\u0103\u021bii, siguran\u021bei \u0219i producerii lor \u00een mod responsabil.<\/p>\n<p>Mai multe informa\u021bii despre ratingul de sustenabilitate evaluat de EcoVadis &#8211; Gold Medal.<\/p>\n\t\t\t\t\t\t\t<img decoding=\"async\" loading=\"lazy\" src=\"https:\/\/primatech.ro\/wp-content\/uploads\/2022\/10\/ino-o.png\" alt=\"ino-o\" itemprop=\"image\" height=\"500\" width=\"500\" title=\"ino-o\" onerror=\"this.style.display='none'\" sizes=\"(max-width: 768px) 100vw, 100vw\" srcset=\"https:\/\/primatech.ro\/wp-content\/uploads\/2022\/10\/ino-o.png 500w, https:\/\/primatech.ro\/wp-content\/uploads\/2022\/10\/ino-o-300x300.png 300w, https:\/\/primatech.ro\/wp-content\/uploads\/2022\/10\/ino-o-150x150.png 150w, https:\/\/primatech.ro\/wp-content\/uploads\/2022\/10\/ino-o-420x420.png 420w, https:\/\/primatech.ro\/wp-content\/uploads\/2022\/10\/ino-o-315x315.png 315w, https:\/\/primatech.ro\/wp-content\/uploads\/2022\/10\/ino-o-100x100.png 100w\">\t\t\t\t\t\t\t\n<h2>\n\t\tInova\u021bie\n\t<\/h2>\n\t<p>Misiunea noastr\u0103 nu const\u0103 numai \u00een a produce sau a vinde detectoare. Noi investim \u00een viitor cercet\u00e2nd \u0219i inov\u00e2nd \u00een permanen\u021b\u0103.<\/p>\n<p>Din 1999, ne baz\u0103m pe un motor de inova\u021bie \u0219i performan\u021b\u0103. De aceea, lans\u0103m constant produse noi, optimiz\u00e2nd \u0219i \u00eembun\u0103t\u0103\u021bind solu\u021biile de siguran\u021b\u0103 dezvoltate.<\/p>\n<p>Produsele noastre sunt testate \u0219i certificate de organisme interna\u021bionale de reglementare.<\/p>\n<p>Modul \u00een care senzorii sunt calibra\u021bi digital \u0219i individual, software-ul testat asiduu \u0219i designul de produs g\u00e2ndit s\u0103 reziste \u0219i s\u0103 performeze fiabil \u00een factori de mediu neprielnici, sunt pa\u0219i pe care Primatech i-a f\u0103cut de-a lungul celor 22 de ani de excelen\u021b\u0103 \u00een domeniu.<\/p>\n\n<p>De la un model la altul, detectoarele Primatech au evoluat, fiecare genera\u021bie fiind mai performant\u0103 \u0219i mai robust\u0103 dec\u00e2t precedenta. &#8211; \u00cenainte de a ajunge la clien\u021bi, produsele trec \u00eensa prin rigorile test\u0103rii. Inova\u021bia \u00een care credem st\u0103 pe un fundament de experien\u021b\u0103 \u0219i stabilitate, de aceea fiecare pas f\u0103cut a fost unul sigur \u0219i asumat.<\/p>\n<p>\u00cen 2021, am introdus \u00een portofoliul nostru de solu\u021bii primul sistem wireless pentru detec\u021bia de gaz metan. &#8222;AirMesh&#8221; este rezultatul unei \u00eendelungate cercet\u0103ri si test\u0103ri, devenind disponibil numai odat\u0103 ce ne-am asigurat c\u0103 r\u0103spunde celor mai \u00eenalte criterii de siguran\u021b\u0103.<\/p>\n<p>V\u0103 invit\u0103m s\u0103 citi\u021bi despre felul \u00een care AirMesh inoveaz\u0103 detec\u021bia wireless \u00een articolul dedicat.<\/p>\n<p>De asemenea, pute\u021bi descoperi cele mai importante momente din evolu\u021bia companiei urm\u0103rind pagina &#8222;Istoric&#8221;.<\/p>\n<\/div><!-- .vgblk-rw-wrapper -->","protected":false},"excerpt":{"rendered":"<p>Siguran\u021b\u0103 \u00cen centrul business-ului nostru se afl\u0103 siguran\u021ba clien\u021bilor. Utiliz\u0103m cele mai stricte standarde de testare \u0219i supliment\u0103m normele de siguran\u021b\u0103 impuse produselor noastre, lu\u00e2nd \u00een considerare \u0219i al\u021bi factori&#8230;<\/p>\n","protected":false},"author":1,"featured_media":0,"parent":0,"menu_order":0,"comment_status":"closed","ping_status":"closed","template":"","meta":{"inline_featured_image":false,"footnotes":""},"yoast_head":"<!-- This site is optimized with the Yoast SEO plugin v22.1 - https:\/\/yoast.com\/wordpress\/plugins\/seo\/ -->\n<title>Viziune - Primatech<\/title>\n<meta name=\"robots\" content=\"index, follow, max-snippet:-1, max-image-preview:large, max-video-preview:-1\" \/>\n<link rel=\"canonical\" href=\"https:\/\/primatech.ro\/?page_id=987703\" \/>\n<meta property=\"og:locale\" content=\"ro_RO\" \/>\n<meta property=\"og:type\" content=\"article\" \/>\n<meta property=\"og:title\" content=\"Viziune - Primatech\" \/>\n<meta property=\"og:description\" content=\"Siguran\u021b\u0103 \u00cen centrul business-ului nostru se afl\u0103 siguran\u021ba clien\u021bilor. Utiliz\u0103m cele mai stricte standarde de testare \u0219i supliment\u0103m normele de siguran\u021b\u0103 impuse produselor noastre, lu\u00e2nd \u00een considerare \u0219i al\u021bi factori...\" \/>\n<meta property=\"og:url\" content=\"https:\/\/primatech.ro\/?page_id=987703\" \/>\n<meta property=\"og:site_name\" content=\"Primatech\" \/>\n<meta property=\"article:modified_time\" content=\"2022-11-07T11:36:01+00:00\" \/>\n<meta property=\"og:image\" content=\"https:\/\/primatech.ro\/wp-content\/uploads\/2022\/10\/siguranta-o.png\" \/>\n<meta name=\"twitter:card\" content=\"summary_large_image\" \/>\n<meta name=\"twitter:label1\" content=\"Timp estimat pentru citire\" \/>\n\t<meta name=\"twitter:data1\" content=\"5 minute\" \/>\n<script type=\"application\/ld+json\" class=\"yoast-schema-graph\">{\"@context\":\"https:\/\/schema.org\",\"@graph\":[{\"@type\":\"WebPage\",\"@id\":\"https:\/\/primatech.ro\/?page_id=987703\",\"url\":\"https:\/\/primatech.ro\/?page_id=987703\",\"name\":\"Viziune - Primatech\",\"isPartOf\":{\"@id\":\"https:\/\/primatech.ro\/#website\"},\"datePublished\":\"2022-10-28T13:27:47+00:00\",\"dateModified\":\"2022-11-07T11:36:01+00:00\",\"breadcrumb\":{\"@id\":\"https:\/\/primatech.ro\/?page_id=987703#breadcrumb\"},\"inLanguage\":\"ro-RO\",\"potentialAction\":[{\"@type\":\"ReadAction\",\"target\":[\"https:\/\/primatech.ro\/?page_id=987703\"]}]},{\"@type\":\"BreadcrumbList\",\"@id\":\"https:\/\/primatech.ro\/?page_id=987703#breadcrumb\",\"itemListElement\":[{\"@type\":\"ListItem\",\"position\":1,\"name\":\"Home\",\"item\":\"https:\/\/primatech.ro\/\"},{\"@type\":\"ListItem\",\"position\":2,\"name\":\"Viziune\"}]},{\"@type\":\"WebSite\",\"@id\":\"https:\/\/primatech.ro\/#website\",\"url\":\"https:\/\/primatech.ro\/\",\"name\":\"Primatech\",\"description\":\"\",\"publisher\":{\"@id\":\"https:\/\/primatech.ro\/#organization\"},\"potentialAction\":[{\"@type\":\"SearchAction\",\"target\":{\"@type\":\"EntryPoint\",\"urlTemplate\":\"https:\/\/primatech.ro\/?s={search_term_string}\"},\"query-input\":\"required name=search_term_string\"}],\"inLanguage\":\"ro-RO\"},{\"@type\":\"Organization\",\"@id\":\"https:\/\/primatech.ro\/#organization\",\"name\":\"Primatech\",\"url\":\"https:\/\/primatech.ro\/\",\"logo\":{\"@type\":\"ImageObject\",\"inLanguage\":\"ro-RO\",\"@id\":\"https:\/\/primatech.ro\/#\/schema\/logo\/image\/\",\"url\":\"https:\/\/primatech.ro\/wp-content\/uploads\/2022\/10\/cropped-logo-1.png\",\"contentUrl\":\"https:\/\/primatech.ro\/wp-content\/uploads\/2022\/10\/cropped-logo-1.png\",\"width\":504,\"height\":125,\"caption\":\"Primatech\"},\"image\":{\"@id\":\"https:\/\/primatech.ro\/#\/schema\/logo\/image\/\"}}]}<\/script>\n<!-- \/ Yoast SEO plugin. -->","yoast_head_json":{"title":"Viziune - Primatech","robots":{"index":"index","follow":"follow","max-snippet":"max-snippet:-1","max-image-preview":"max-image-preview:large","max-video-preview":"max-video-preview:-1"},"canonical":"https:\/\/primatech.ro\/?page_id=987703","og_locale":"ro_RO","og_type":"article","og_title":"Viziune - Primatech","og_description":"Siguran\u021b\u0103 \u00cen centrul business-ului nostru se afl\u0103 siguran\u021ba clien\u021bilor. Utiliz\u0103m cele mai stricte standarde de testare \u0219i supliment\u0103m normele de siguran\u021b\u0103 impuse produselor noastre, lu\u00e2nd \u00een considerare \u0219i al\u021bi factori...","og_url":"https:\/\/primatech.ro\/?page_id=987703","og_site_name":"Primatech","article_modified_time":"2022-11-07T11:36:01+00:00","og_image":[{"url":"https:\/\/primatech.ro\/wp-content\/uploads\/2022\/10\/siguranta-o.png"}],"twitter_card":"summary_large_image","twitter_misc":{"Timp estimat pentru citire":"5 minute"},"schema":{"@context":"https:\/\/schema.org","@graph":[{"@type":"WebPage","@id":"https:\/\/primatech.ro\/?page_id=987703","url":"https:\/\/primatech.ro\/?page_id=987703","name":"Viziune - Primatech","isPartOf":{"@id":"https:\/\/primatech.ro\/#website"},"datePublished":"2022-10-28T13:27:47+00:00","dateModified":"2022-11-07T11:36:01+00:00","breadcrumb":{"@id":"https:\/\/primatech.ro\/?page_id=987703#breadcrumb"},"inLanguage":"ro-RO","potentialAction":[{"@type":"ReadAction","target":["https:\/\/primatech.ro\/?page_id=987703"]}]},{"@type":"BreadcrumbList","@id":"https:\/\/primatech.ro\/?page_id=987703#breadcrumb","itemListElement":[{"@type":"ListItem","position":1,"name":"Home","item":"https:\/\/primatech.ro\/"},{"@type":"ListItem","position":2,"name":"Viziune"}]},{"@type":"WebSite","@id":"https:\/\/primatech.ro\/#website","url":"https:\/\/primatech.ro\/","name":"Primatech","description":"","publisher":{"@id":"https:\/\/primatech.ro\/#organization"},"potentialAction":[{"@type":"SearchAction","target":{"@type":"EntryPoint","urlTemplate":"https:\/\/primatech.ro\/?s={search_term_string}"},"query-input":"required name=search_term_string"}],"inLanguage":"ro-RO"},{"@type":"Organization","@id":"https:\/\/primatech.ro\/#organization","name":"Primatech","url":"https:\/\/primatech.ro\/","logo":{"@type":"ImageObject","inLanguage":"ro-RO","@id":"https:\/\/primatech.ro\/#\/schema\/logo\/image\/","url":"https:\/\/primatech.ro\/wp-content\/uploads\/2022\/10\/cropped-logo-1.png","contentUrl":"https:\/\/primatech.ro\/wp-content\/uploads\/2022\/10\/cropped-logo-1.png","width":504,"height":125,"caption":"Primatech"},"image":{"@id":"https:\/\/primatech.ro\/#\/schema\/logo\/image\/"}}]}},"jetpack_sharing_enabled":true,"_links":{"self":[{"href":"https:\/\/primatech.ro\/index.php?rest_route=\/wp\/v2\/pages\/987703"}],"collection":[{"href":"https:\/\/primatech.ro\/index.php?rest_route=\/wp\/v2\/pages"}],"about":[{"href":"https:\/\/primatech.ro\/index.php?rest_route=\/wp\/v2\/types\/page"}],"author":[{"embeddable":true,"href":"https:\/\/primatech.ro\/index.php?rest_route=\/wp\/v2\/users\/1"}],"replies":[{"embeddable":true,"href":"https:\/\/primatech.ro\/index.php?rest_route=%2Fwp%2Fv2%2Fcomments&post=987703"}],"version-history":[{"count":5,"href":"https:\/\/primatech.ro\/index.php?rest_route=\/wp\/v2\/pages\/987703\/revisions"}],"predecessor-version":[{"id":987778,"href":"https:\/\/primatech.ro\/index.php?rest_route=\/wp\/v2\/pages\/987703\/revisions\/987778"}],"wp:attachment":[{"href":"https:\/\/primatech.ro\/index.php?rest_route=%2Fwp%2Fv2%2Fmedia&parent=987703"}],"curies":[{"name":"wp","href":"https:\/\/api.w.org\/{rel}","templated":true}]}}